. Let h(d) = -4*d + 10*d + d - 2*d**3 + 3*d**k - 7*d**2. Give h(6).
6
Suppose 18*t - 32 = 16*t. Suppose -t - 26 = -6*y. Let h(n) = -4*n + 1. Determine h(y).
-27
Let o(q) = -55*q**2 - 1 - 3*q**3 + 57*q**2 - 3*q**3. Let f be o(1). Let a(s) = -s - 5. What is a(f)?
0
Let f(g) be the first derivative of -2*g - g**2 - 6 - 1/20*g**5 - 1/4*g**4 - 1/3*g**3. Let y(s) be the first derivative of f(s). Give y(-2).
-2
Let j(h) = h**3 - 5*h**2 + 4*h + 1. Let d be j(4). Suppose 19 + d = -4*b. Let c(v) = -v - 5. Calculate c(b).
0
Let g be (-3 - (-1 + -3))*3. Suppose g*k + 4*q - 1 = 12, -18 = -5*k - 3*q. Let r(s) = s - 1. Calculate r(k).
2
Suppose r - 2*r + 12 = 0. Suppose 0 = 3*j + 5*g - 9, 4*g + r = j + 3*j. Let x(w) = -3*w + 7*w**3 + 2 - j*w**3 - 3*w**2 - 3*w**3. Give x(4).
6
Let x(h) = -h**2 - 3*h + 10. Let q be x(-3). Let d(t) = t**2 - 7*t - 9. Let s be d(7). Let b = s + q. Let a(w) = 10*w - 1. Calculate a(b).
9
Let l(s) = 2*s + 1. Let j be l(8). Suppose 0 = -4*u - j - 3. Let t be 5/(0 + -4 - u). Let b(m) = -m**3 + 5*m**2 + m - 3. Calculate b(t).
2
Suppose 3*i + 8 = 5*i. Suppose 5 - 25 = -i*x. Let s(k) = k**2 - 4*k + 2. Give s(x).
7
Let h(o) = -3*o**2 + 3*o - 4. Let r = -75 - -75. Suppose -2*b + 3*g + 18 = r, 2*b + 10 = -2*g - 2*g. What is h(b)?
-22
Let l(z) = -14*z**3 - 9*z**3 - 6*z - 12*z**3 + 36*z**3 - 4*z + 7*z**2 - 10. Give l(-8).
6
Suppose 0 = -a + 4 - 2. Let g(w) = w**a + 15*w + 8 - 25*w + w. Calculate g(7).
-6
Let u be (-28)/(-112) + 26/(-8). Let a(t) = -t**2 + 4 + 4*t**2 + t**3 - t**2. Determine a(u).
-5
Let q = -4 + 9. Let r = 8 - 3. Let i(m) = -m**2 - m + 4*m + m + 3 - r. Calculate i(q).
-7
Let i(n) = -n**3 + 22*n**2 + 7*n + 10. Let g(s) = 3*s**2 + 1. Let f(w) = -5*g(w) + i(w). What is f(8)?
-3
Suppose -2*a + 0 - 4 = 0. Suppose 2*w = 2*r + 4, -1 = 3*w + r - 7. Let v(d) = -2*d + 0 + d + 3*d + 1 + w*d**2. Calculate v(a).
5
Let h = -244 - -244. Let y(c) = c**3 + c**2 - c + 2. Determine y(h).
2
Let b(w) be the second derivative of w**4/6 - 7*w**3/3 - 11*w**2/2 - 936*w. Give b(8).
5
Let k(v) = -v**3 - 5*v**2 + 2. Let l be (11/13 - (-26)/169) + -6. What is k(l)?
2
Let r(m) = -4*m**3 + 2*m**2 + m. Suppose 3*v + 2 = -c - 10, -5*c = 3*v. Let a = -55 - -60. Suppose 0 = -c*g - 4*j + 9, a*g + 2*j = 1 - 0. Give r(g).
5
Let v(p) be the third derivative of -5*p**4/24 - p**3 + 441*p**2. What is v(-2)?
4
Suppose -480 = -94*x + 14*x. Let b(s) = 2*s - 5 - 2 + 1. What is b(x)?
6
Let l be (8/10)/(1/(-5)). Let k be (6/l)/((-7)/(-14)). Let y be -3 + 2 + (4 - k). Let z(s) = s**3 - 6*s**2 + s. What is z(y)?
6
Let t(d) be the second derivative of d**2 + 5/6*d**3 + 0 + 44*d + 1/20*d**5 + 5/12*d**4. What is t(-3)?
5
Let z(u) = 7*u + 1. Let r(p) = -50*p + 504. Let w be r(10). What is z(w)?
29
Suppose -14*s = 21*s + 140. Let y(p) = -2*p - 4. Determine y(s).
4
Let k(a) = -a**3 + 10*a**2 - 11*a + 10. Suppose -v - 610 = -619. Determine k(v).
-8
Let l = 8 + -3. Let n(z) be the second derivative of 1/6*z**3 + 0 + 2*z - 2*z**2. Determine n(l).
1
Let p(d) = d**3 + 6*d - d + 8*d**2 + 3 - 14*d**2 - 3. Give p(5).
0
Let l = 19 + -12. Let h(v) = v**2 + 5*v - 1. Let n be h(-6). Let z(a) = 0*a - l*a - n*a**2 - 4 + 0*a**2 + 4*a**2. Calculate z(-5).
6
Let j(g) = -7*g + 6 - 21*g**3 - 16*g**3 + 7*g**2 + 36*g**3. Suppose -3*i = 5*o + 79, -3*o + o - 10 = 0. Let t = -12 - i. Give j(t).
0
Let b(y) be the second derivative of y**3/3 + 7*y**2/2 + 73*y. Calculate b(-7).
-7
Let o(j) = j. Suppose -2*q - 3 - 7 = -4*h, 3*h - 7 = q. Calculate o(q).
-1
Let v(o) = o**3 - o**2 + o + 1. Let q(p) = 6*p + 5. Let j(u) = u**3 + u**2 - 6*u - 4. Let i(m) = 3*j(m) + 2*q(m). Let f(a) = -i(a) + 2*v(a). Give f(-6).
-8
Let s be (-4)/(-10) - 0 - (-3)/5. Let h(j) = 2*j**2 - 2*j + j - 3*j**2. Determine h(s).
-2
Let d(i) = i**2 + 8*i + 9. Suppose -37 = -o - 2*o - h, 0 = -5*o - 5*h + 75. Suppose -4*r + x = o, -2*x - x + 13 = -2*r. Let y be (1 + r + 2)*-6. Give d(y).
-3
Let t(n) be the first derivative of -n**3/3 + 6*n**2 - 18*n + 402. Determine t(3).
9
Let t(v) = -v**3 + 6*v**2 + v - 8. Suppose 5 = m, 0 = -4*a + m - 1 + 4. Suppose g - 4 = a. What is t(g)?
-2
Let j(p) be the second derivative of -p**3/2 + p**2/2 - 112*p. Calculate j(-10).
31
Suppose -15*z + 36 = -3*z. Let r(n) = 61*n**z - 30*n**3 + 4*n**2 - 32*n**3 + 2*n. Suppose 4*i + 8 = 6*i. What is r(i)?
8
Let b(d) be the third derivative of d**5/10 + d**3/6 + d**2. Let p(m) = m**2 - 6*m - 1. Let w be (-6)/27 + 224/36. Let s be p(w). Determine b(s).
7
Let y = 36 + -29. Let f = y - 7. Let g(r) = f*r - 2*r - 2 + 2 + 4. What is g(4)?
-4
Let i(k) = 5*k + 4. Let w(s) = -6*s - 4. Let p(a) = -5*i(a) - 4*w(a). Determine p(0).
-4
Let r(n) = -n**2 + 5*n - 4. Let d be r(3). Suppose d*v + v - 9 = -3*w, v = 5*w - 27. Let m(b) = 6 + 0 - 1 + b**2 - 7*b + 2. Determine m(w).
-3
Let y(k) = k - 12. Suppose -2*p + 4*w + 144 = 0, -p + 4*w = -4*p + 166. Let h = -40 + p. Suppose 3*l + h = 5*u, -2*l - 3 = -5*l. Determine y(u).
-7
Let k(h) = 4*h**2 + 11*h + 10. Let n(y) = y**2 + y + 1. Let i(d) = -k(d) + 3*n(d). Give i(-6).
5
Let a(x) = -2*x**2 + 1. Let y = -23 + 23. Suppose -5*k = -5*j + 10, -2*k = j - y*j - 8. Calculate a(k).
-7
Let z(o) be the second derivative of -o**3/6 - 7*o**2/2 - 94*o. What is z(5)?
-12
Suppose 2*z = -2*v + 18, 5*v = 5*z + 6*v - 33. Let c(x) = x**3 - 7*x**2 + 5*x + 5. Determine c(z).
-1
Let u be 3/(-6)*-10 + -2 - 3. Let t(j) = j - j**3 + 9 - 5*j**2 - 2*j**2 + 8*j**2. Give t(u).
9
Let q(c) be the first derivative of 2 + 1/3*c**3 - 5*c - 3/2*c**2. What is q(5)?
5
Suppose -2*h = -2*t, 5*h - 1 - 1 = 4*t. Suppose -n = -h*k - 2, 1 = -2*n - 3*n - k. Suppose n - 8 = -4*v. Let s(p) = p**2 - 3*p - 1. Determine s(v).
-3
Let q(j) = 2*j**2 - j. Let f = -24 - -39. Let z be (1/2)/(-2 - f/(-6)). Give q(z).
1
Let n = 0 - -2. Let q(c) = c**2 + 9*c - 4. Let g = -22 - -20. Let m(b) = 2*b - 1. Let d(z) = g*q(z) + 11*m(z). What is d(n)?
-3
Let f(g) = -g**2 - 6*g + 5. Let d(q) = -2*q**2 - 11*q + 9. Let u(m) = 4*d(m) - 7*f(m). Let r(i) = -2*i**2 - 23*i - 23. Let a be r(-1). Give u(a).
1
Let c(t) = t + 1. Let j be ((-2)/(-4)*-2)/(-1). Let q(l) = 4*l - 2. Let f be q(j). Suppose f*h - 6 = 4*h. Give c(h).
-2
Let w(j) = -j**2 + 3*j - 3. Let a(h) = -h**3 + 4*h**2 - 6*h + 9. Let f be a(2). Suppose -o - 4*o = -5*m - 20, f*m = -5. Calculate w(o).
-3
Suppose -5 = -10*f - 15. Let x(g) = -7*g**2 - g - 1. What is x(f)?
-7
Let p(v) = -9*v + 2. Let q = -451 + 453. Give p(q).
-16
Suppose -7*m - 11*m = -54. Let l(c) = -2*c**2 + 5*c - 5. Give l(m).
-8
Suppose 7*k - 7 = 6*k. Let j(z) = -z**3 + 8*z**2 - 5*z - 7. Determine j(k).
7
Let b be -2*3*(-2)/4. Let n(d) = -b*d**2 + 4*d + d**3 + 0*d**2 + 0*d**2. Let w be (-5)/10 + 3 - 3/(-6). What is n(w)?
12
Let v(r) = 7 - 6 - 2*r + 2*r**2 + r - r. Suppose f - 3*f - 2*q + 6 = 0, -2*f + 2*q = -2. What is v(f)?
5
Let a(t) be the first derivative of 2*t**3/3 - 3*t**2/2 + 263. Give a(2).
2
Suppose -5*a + 3*a - 78 = 0. Let o = a + 37. Let x(k) = -k + 5*k + 5*k. Give x(o).
-18
Let i(y) = -2*y - 7. Let q(r) = 2*r + 7. Suppose 0 = 4*o - 7*o + 5*n - 38, -3*n + 42 = -5*o. Let g(k) = o*q(k) - 7*i(k). Give g(-6).
-5
Let b(z) = 3*z - 1. Suppose -3*u + 9 = -t - 0*t, -19 = -2*u + 5*t. Let f be 4 - 7 - (1 + -4). Suppose f = -u*q - 2 - 0. What is b(q)?
-4
Let c(j) = -46 - 204*j**3 + 22*j + 205*j**3 - 4*j**2 - 17*j**2. Calculate c(20).
-6
Let p(r) = -r**3 - 5*r**2 + 6*r + 7. Let f be 16 + (-3)/(-2)*24/(-36). Let j = f - 20. Give p(j).
-23
Let f be 16/6 - (-2)/(-3). Let d(h) = h**3 - 2*h**2 + h - 2. Let m be d(f). Let v(i) = i - 7 + 0*i - 1. Determine v(m).
-8
Let i(a) = a - 10. Let f(z) = -2*z**3 - 2*z**2 + z. Let b be f(2). Let c = b + 26. Suppose 20 = 4*k - c*q, q - 1 = -5*k + 30. Calculate i(k).
-4
Let p be (104/208)/(1*(-1)/(-4)). Let t(i) be the third derivative of 1/24*i**4 - 7/6*i**3 + 0*i - 5*i**p + 0. Determine t(5).
-2
Suppose 11*q + 130 - 207 = 0. Let b(l) = l**2 - 6*l + 4. What is b(q)?
11
Let k(y) = -2*y**2 - 42*y + 8*y**2 - 8*y**2 + 43 + 4*y**2. Let m be k(20). Let j(p) = -3 + 2 - 3*p - 3. Calculate j(m).
-13
Suppose 86 = -11*l - 2. Let q(i) = -2*i + 9. Determine q(l).
25
Let h(m) = m**3 + 6*m**2 + 4*m - 9. Let n(b) = -b**3 - 7*b**2 - 3*b + 8. Let t(q) = 3*h(q) + 4*n(q). Calculate t(-10).
5
Let x(y) = 5*y**2 - 2*y + 1. Let k be 10/14 + (-16)/(-56). Let q be (-1 + 6)/(((-5)